r of z and 610?
10
Suppose 0 = -17*b + 85. Let z be 105/10 + 3/(-2). Let a be 63/(z/3) + -1. Calculate the highest common divisor of a and b.
5
Let j(c) = -36*c - 15. Let t be j(-3). Let s = 359 - t. Calculate the greatest common factor of s and 28.
14
Let r = -133 + 428. Suppose 4*k - r = 5*h, 5*k - k - h = 299. What is the highest common factor of 9 and k?
3
Suppose 0 = 171*g - 147*g - 73032. Calculate the highest common factor of 85 and g.
17
Suppose -5*w - 4*v = 84, -3*w + 5*v - 52 = 9*v. Let j be 1*(-1 - w/1). What is the highest common factor of j and 6?
3
Let z = -7 - -21. Let c(l) = l**3 - 9*l**2 + 13*l - 42. Let u be c(10). Suppose -104 + u = 6*h. What is the greatest common factor of h and z?
14
Let k(p) = 28*p**2 - 178*p + 1298. Let s be k(7). What is the highest common divisor of s and 12?
4
Let w = -31002 + 53169. What is the highest common divisor of w and 27?
27
Let d(u) = u**3 - 3*u**2 - 17*u - 13. Let m be d(7). Let w = -58 + 62. Calculate the greatest common factor of w and m.
4
Suppose -c - 396 = -23*c. Suppose 4*q - 41 = 2*n - 5, -c = -2*q - 4*n. Calculate the greatest common divisor of 333 and q.
9
Suppose s - 343*x = -348*x - 22, x = 4*s - 17. Suppose 3*w + 5*c - 20 = 16, -2*w + 24 = c. Calculate the greatest common divisor of w and s.
3
Let q(h) = 3*h**2 - 23*h - 782. Let u be q(-17). Calculate the highest common factor of u and 1071.
119
Let z be ((-2)/(-4))/((-1)/(-52)). Suppose -5*q = 5*f - 625, q = 3*q - 7*f - 178. Calculate the greatest common divisor of z and q.
13
Let y = 1569 + -1531. What is the greatest common divisor of y and 3173?
19
Suppose 0*r - 12*r + 1140 = 0. What is the highest common factor of r and 247?
19
Let r be (152/(-32) - -7)/(18/2856). What is the greatest common factor of r and 17?
17
Suppose -1335*c = -1329*c - 282. Calculate the greatest common factor of 1504 and c.
47
Let n be ((-3)/(-3) - -1 - -5) + 377. What is the highest common divisor of n and 864?
96
Let m(a) = 295*a**3 - 4*a**2 + 4*a + 4. Let n be m(2). What is the highest common factor of 372 and n?
124
Let n(q) = q**2 + 2*q - 4. Let c be n(2). Suppose -44 = -c*x + 12. Suppose -x*i + 12*i + 198 = 0. What is the greatest common divisor of 9 and i?
9
Suppose 0 = -798*r + 778*r + 320. Calculate the highest common divisor of r and 4912.
16
Suppose 3*o - 9 = 8*d - 3*d, 5*o - d - 37 = 0. Suppose 6*v = -o*v + 784. Calculate the greatest common factor of v and 7.
7
Let n = -110 - -160. Let d = 620 - 570. What is the greatest common factor of d and n?
50
Let z be ((-46)/6)/(21/(-1134)). What is the greatest common divisor of z and 184?
46
Let o(g) = -24*g**3 + 8*g**2 + 4*g - 1. Let m be o(-3). Let u = m - 543. Calculate the greatest common factor of 123 and u.
41
Let k be (72/24)/(6/8). Suppose 0 = 3*v + k*f - 135, 5*v + 0*v - 225 = 2*f. Suppose v*a - 14 = 44*a. Calculate the highest common divisor of a and 154.
14
Suppose 0 = 10*u - u - 1296. Suppose -u*k = -137*k - 63. Let c = -18 - -36. Calculate the greatest common factor of c and k.
9
Let p(j) = -2*j - 11. Let d be p(-9). Let i = -60 + 64. Suppose i = -4*c, 9*c - 4*c = 5*k - 320. Calculate the greatest common factor of k and d.
7
Suppose -3*q - 191 = -5*o - 56, 2*o + 2*q = 70. Let h = -45 + 53. Suppose 0 = n - 2 - h. Calculate the highest common factor of n and o.
10
Let v be (-17182)/(-429) - (-26)/(-507). What is the greatest common factor of v and 380?
20
Suppose 4*g = -0*g + 448. Suppose 0 = -2*c - 2*i + 42, -15*i = -4*c - 11*i + 108. What is the highest common divisor of c and g?
8
Let t be 6/39 - ((-8758025)/6149 - (-6)/(-11)). Calculate the greatest common factor of t and 825.
75
Suppose -p = -2*g + 168, -2*g + 1478 = 2*p + 1316. Calculate the greatest common divisor of 12533 and g.
83
Let u = -3149 - -3191. What is the highest common divisor of u and 672?
42
Let b be ((-13 + (-162)/(-12))*19)/((-1)/(-4)). What is the highest common divisor of b and 52782?
38
Let l = -1418 - -1437. Let s be (-8 + 185)*(0 + 2). Suppose -254 = -4*v + s. Calculate the greatest common factor of v and l.
19
Let k be (-1)/6 + ((-21)/18)/(-7). Suppose -2*v - 1 + 27 = k. Calculate the greatest common factor of 13 and v.
13
Suppose -3*h - 2*q = -q, 4*q - 15 = 3*h. Let i be -8*6/12 - (-13 - h). What is the highest common divisor of 12 and i?
4
Let v = -405 - -795. Let n be (-2)/(-10) + 17862/v. Calculate the greatest common factor of 2 and n.
2
Let o = 449 + -451. Let p be 22/99*-33*3/o. Calculate the greatest common divisor of p and 253.
11
Suppose f + 6*f = 31 + 53. Let k = 10 + -2. What is the greatest common factor of k and f?
4
Let t be (-2 - 8566/(-4)) + (-20)/(-8). Suppose 98*l - 112*l = -t. Let k be (-2)/(36/(-17) + 2). What is the highest common factor of l and k?
17
Let z = 327 + -297. Let s(u) = -u**3 + 32*u**2 - 56*u - 114. Let a be s(z). What is the greatest common divisor of a and 8?
2
Suppose 0 = b + 3*s + 2*s - 28, -3*s = -9. Let y(x) = -x**3 - 73*x**2 + 550*x - 696. Let l be y(-80). Calculate the greatest common factor of l and b.
13
Let j(f) = -2*f**3 + 77*f**2 - 28*f - 35. Let a be j(38). Let b = -234 - -372. What is the greatest common divisor of a and b?
69
Suppose -73*j = 108*j - 46*j - 1215. Calculate the highest common factor of 4932 and j.
9
Suppose 1009 = 5*g + 4*t, 7*t - 3*t + 16 = 0. Calculate the greatest common factor of 287 and g.
41
Let s = 20090 + -20062. What is the greatest common divisor of s and 959?
7
Let c = 7737 - 7641. What is the greatest common divisor of c and 996?
12
Suppose 5*j = 5*i + 70, j = 2*i + 2*i + 68. Let n be i - -16 - (1 - (-77 + 0)). Let g = n - -95. Calculate the greatest common divisor of g and 45.
15
Suppose -5*w - 895 = 3*d - 2*d, -4*w + 4*d = 740. Let v be (1*-6)/(w/56 + 3). What is the highest common factor of v and 21?
7
Suppose 2*q = -5*l + 203, -176 = -4*l + 8*q - 13*q. Let b be l - -1*(12/3 - 3). Calculate the greatest common divisor of 360 and b.
40
Let h(k) = -57*k + 801. Let c be h(12). Calculate the highest common divisor of 2158 and c.
13
Suppose -i + 3*z = 2*i - 30, -5*z = -i + 30. Suppose i*o + 4 = 34. Calculate the greatest common divisor of o and 84.
6
Let h(t) = 18*t**2 + 22*t - 1. Let v be h(7). Let r = 1465 - v. Calculate the greatest common divisor of r and 172.
86
Let c(d) = -6*d - 60. Let n be c(-15). Let h(z) = 9*z - 96. Let p be h(n). What is the greatest common divisor of 116 and p?
58
Suppose 4*n + 9 = 5, -2*n - 8 = 3*t. Let q be ((-75)/t)/(36/96). What is the greatest common factor of q and 25?
25
Let y be -1 - (-7)/(-4*8/(-32)). What is the highest common factor of 100 and y?
2
Let a be (-3 + 1)/(4/(-54)). Suppose 0 = -23*g + 46 + 23. Suppose -4*q - 2 + 16 = -2*l, -g*l = 3. What is the highest common divisor of q and a?
3
Let j(z) = -99*z - 2293. Let n be j(-25). What is the greatest common divisor of 819 and n?
91
Suppose 16*f + 3868 = 18*f + 3*b, -2*f = 5*b - 3856. What is the highest common factor of 201 and f?
67
Let b(y) = 13*y**2 - 8*y + 69. Let m be b(6). Suppose 39 = -5*h + m. Calculate the highest common factor of 1 and h.
1
Let d be ((-11)/22)/((-2)/(-40)). Let z be (-1)/(-2) - (175/d - 3). Let u = 36 - z. Calculate the greatest common divisor of 120 and u.
15
Suppose 2*v - 10260 = 27*z - 29*z, 3*z = 3*v - 15390. Calculate the highest common divisor of v and 108.
54
Suppose 0 = -4*n - 2*s + 2840, n - 707 = -535*s + 534*s. Calculate the greatest common factor of n and 161.
23
Let d = 6506 + -6209. Calculate the greatest common divisor of d and 5247.
99
Suppose -31*q + 1216294 = -547971 + 382905. Calculate the highest common divisor of 80 and q.
80
Let x = -237 + 244. Let u(w) = -w + 37. Let b be u(x). What is the greatest common divisor of 4 and b?
2
Suppose 30 = 4*r + 34. Let t = 1 + r. Suppose t = 2*j - 5*j + 60. Calculate the highest common divisor of j and 8.
4
Let n = 20 + -5. Suppose 0 = 10*z - 28*z + 540. What is the greatest common factor of z and n?
15
Let j = 127 - 82. Suppose 0 = -3*t + y + 39, 3*y + 10 = 1. What is the highest common divisor of t and j?
3
Let o(a) = 9*a - 455. Let x be o(53). Calculate the highest common divisor of x and 66.
22
Let l(o) = 6*o - 9. Let x be l(2). Let d be 6/(9 - x) - 3*3. Let c(i) = -4*i - 14. Let t be c(d). Calculate the highest common divisor of t and 27.
9
Le